2*k**3 - k**2 - k + 8. Let v be j(2). Let p = -307 - v. Calculate the remainder when p is divided by 41.
25
Let k = -2337 - -2342. What is the remainder when 18 is divided by k?
3
Let l(f) = -1129*f + 5951. What is the remainder when l(5) is divided by 134?
38
Suppose 29 = -g - 2*p, g + 3*p + 57 = -g. Let o = g + 43. Suppose 0 = -5*d - 4*v - 0 - 1, -o = 4*v. Calculate the remainder when d is divided by 1.
0
Suppose 6*l = 1087 - 865. What is the remainder when 388 is divided by l?
18
Let c = 20369 + -19822. What is the remainder when c is divided by 92?
87
Suppose 10*x - 7*x - 12 = 0. Suppose -x*u = -u - 384. Suppose 6*l - 8*l = -u. What is the remainder when l is divided by 33?
31
What is the remainder when (2124/16 - -1)*(-7 + 143/13) is divided by 161?
52
Suppose -4*s = 3*c - 133, 3*s - 3*c = -c + 121. Suppose 0 = -21*y + 24*y - 2*k - 544, 0 = -2*y + 4*k + 360. What is the remainder when y is divided by s?
34
Let x be 3/1 + (1 - (-1 + -10)). Let j be (-6)/x + (-125958)/30. Calculate the remainder when 122 is divided by j/(-102) - (-2)/(-12).
40
What is the remainder when (171*25)/3*(-33)/(-11) is divided by 138?
135
Suppose -237 = -0*k - 3*k - 5*j, -2*j - 342 = -4*k. What is the remainder when k is divided by 74?
10
Suppose 0 = -s - 6, 11*s - 9*s = 4*y - 120. Let t(p) be the first derivative of p**3/3 - p**2 - 1. Calculate the remainder when y is divided by t(5).
12
Let m = -6808 + 6834. What is the remainder when m is divided by ((-16)/(-24))/(4/90)?
11
Let j be -1 - (4 + -4) - 3. Let k be (6 - (7 + j)) + -9. Calculate the remainder when k/(-9)*(2 - (-5)/2) is divided by 3.
0
Suppose 37739 = 206*x - 183*x - 6789. What is the remainder when x is divided by 1934?
2
Let l = 1227 - 1214. Let c be (2 - (-3 - -80)) + -1. Let y = c + 137. Calculate the remainder when y is divided by l.
9
Suppose 6*j + 5180 = -31*j. Let u = -126 - j. What is the remainder when 153 is divided by u?
13
Let b(p) = -4*p - 9. Let y(v) = -v + 1. Let d(j) = -b(j) + 3*y(j). Let n be d(-7). Suppose 18 + 152 = n*m. Calculate the remainder when 101 is divided by m.
33
Suppose 0*p - 4*p + 12 = 0. Suppose -p*h = -18 - 12. Suppose -5*r = 5*s - 170, -5*s + 173 = 2*r + 2*r. What is the remainder when s is divided by h?
7
Suppose -2*j = -4*p - 14, -j + 13 = -3*p - 2*p. Suppose -8*t + 32 = u - 13*t, -4*u = j*t - 36. What is the remainder when 57 is divided by u?
9
Let c = 2985 + -2342. What is the remainder when c is divided by 17?
14
Let x be 6/(-2 - 0)*-1. Let y be (-9 - (-12)/x) + 4 + 63. Let v = y - 41. What is the remainder when v is divided by 6?
3
Let v = 35 - 31. Suppose -5*s + 116 = 5*j - j, -s + 36 = v*j. Suppose 0 = 2*d + 2*q - 6, -d + 6*q = q - 27. Calculate the remainder when s is divided by d.
6
Let b(o) be the second derivative of 7*o**3/6 - 9*o**2/2 - 2124*o. Let h = -5 - -9. What is the remainder when 70 is divided by b(h)?
13
What is the remainder when ((-2)/8)/((-14)/8680) is divided by 70?
15
Let w(q) = -4*q + 18*q**2 + 1 - 19 + 0*q. Let r be w(-3). Suppose 0 = 7*t + r - 681. Calculate the remainder when t is divided by 20.
15
Let d(p) = -8*p**2 + 48*p + 3. Let n be d(6). Suppose 4*i - n*y - 26 = 78, -84 = -4*i - 2*y. Calculate the remainder when i is divided by 6.
5
Let k(v) = -v**3 + 104*v**2 - 495*v + 373. Calculate the remainder when k(99) is divided by 373.
0
Suppose 718 = 5*r + 4*o, 64 = 5*r - 4*o - 638. Calculate the remainder when r is divided by 16.
14
Suppose 5*h - 179 = 3*r, -3*r - 15 = -h + 16. Calculate the remainder when h is divided by ((2 + 43)/3)/(265 - 262).
2
Let a(v) = 2*v**3 - 4*v**2 - 8*v + 13. Let w(b) = -13*b - 62. Let q be w(-5). Calculate the remainder when 97 is divided by a(q).
6
Let n(v) = -3*v - 14. Calculate the remainder when 650/12 - 188/1128 is divided by n(-12).
10
Let l = 703 - 1417. Let s = l + 781. What is the remainder when 324 is divided by s?
56
Suppose -595 = -45*x + 710. What is the remainder when 925 is divided by x?
26
Let t = -3987 - -7209. Suppose -90 - t = -18*c. What is the remainder when c is divided by 11?
8
Let r(d) = 55*d - 325. Calculate the remainder when 201 is divided by r(6).
1
Suppose 141*x - 223423 + 58594 = 0. What is the remainder when x is divided by 97?
5
Let j(n) = n**3 + 28*n**2 - 46*n - 85. What is the remainder when j(-28) is divided by 17?
13
Suppose a - 3*a = -116. Suppose 3*z = -28*o + 27*o + 92, 5*o - 4*z = 593. Calculate the remainder when o is divided by a.
55
Let v be 1078/21 - 4/(-6). Suppose 0 = -5*g + 4*t + 82 + 258, 4*t + v = g. What is the remainder when g is divided by 20?
12
Let m be 20/(-6)*(-4218)/190. Suppose i - 38 = t, 5*t = -6*i + 3*i + m. Calculate the remainder when 195 is divided by i.
30
Let y(w) = -24*w**3 - 4*w**2 - 3*w. Let u(d) = d**2 + 24*d - 48. Let n be u(-23). Let z = -25 - n. Calculate the remainder when y(-2) is divided by z.
44
Let j(t) = -99*t - 1016. What is the remainder when 531 is divided by j(-12)?
15
Let q = -5835 - -5842. What is the remainder when 4745 is divided by q?
6
Suppose 0 = 2*r + 4*d - 42, -60 = -5*r + r - 2*d. Let c(p) = -4 + 8*p - 4 - 8*p + r*p. What is the remainder when c(3) is divided by 7?
3
Let d(q) be the third derivative of -5*q**4/6 + 65*q**3/3 + 46*q**2. What is the remainder when 77 is divided by d(6)?
7
Let n = 826348 - 826343. Suppose 2*p - 15 = p. What is the remainder when p is divided by n?
0
Let s be 32/256 - 145838/(-16). Suppose s - 2131 = 24*r. What is the remainder when r is divided by 59?
55
Suppose -17 = -2*b + 7. Let q = b - 20. What is the remainder when 67 is divided by ((-34)/q)/((-1 - 2)/(-12))?
16
Let t = -1013 - -1030. Let b = 345 + -233. What is the remainder when b is divided by t?
10
Suppose 5*d + 5*v = 40, 5*d + v = -0*d + 24. Suppose 25 = 5*a - 4*a - 2*p, -a + 15 = -d*p. What is the remainder when 102 is divided by a?
32
Let a(f) = f**2 - 18*f + 58. Let u be a(4). Suppose 5*g + 2*o - 114 = 0, 5*o + 17 = -u*g + 71. Calculate the remainder when g is divided by 3.
1
Calculate the remainder when (((-23529)/(-22))/23)/(4 + (-348)/88) is divided by 147.
141
Suppose 2*u - 1994 = -8*h, 4*u - 398 - 602 = -4*h. What is the remainder when 523 is divided by h?
25
Suppose 58990 = 1507*u - 1505*u. What is the remainder when u is divided by 13?
11
Suppose 140*s = 44*s + 50688. What is the remainder when s is divided by 106?
104
Suppose -7*m + 114 = -796. Suppose 29*q = 28*q + m. Let j(f) = 32*f**3 + 2*f**2 - 5*f + 4. Calculate the remainder when q is divided by j(1).
31
Let u(q) = 2*q**3 - 36*q**2 + 77*q - 7. Let y be u(14). Let x = y - -626. Calculate the remainder when x is divided by 31.
5
Let h = 11053 + -8844. What is the remainder when h is divided by 10?
9
Suppose 5*o - h = 15, 56*h = 57*h - 5. Suppose o*b = 3*p + 94, 3 = 4*p + 11. Calculate the remainder when (2 + (-26)/6)*-27 is divided by b.
19
Let t = 21 - 13. Suppose -2*n + 7*n + 5*h - 15 = 0, -4*h + t = 3*n. Let r(c) = 3*c**2 - 46*c + 96. What is the remainder when r(13) is divided by n?
1
Let q(a) = a**3 - 7*a**2 - 7*a - 10. Let f be (10/4)/((-7)/(-28)). Let y = -538 + 575. What is the remainder when q(f) is divided by y?
35
Let n = 115 - 61. Suppose 2*p - n = -2*c, -p + 9 = -2*c - 9. Let b = p - 5. Calculate the remainder when 35 is divided by b.
16
Suppose -2*m = -4*m. Suppose m*g + 4*g - 84 = 0. Suppose 1189 = 634*c - 311 + 232. Calculate the remainder when g is divided by c.
1
Let t(g) = 2*g**3 - 131*g**2 - 338*g - 52. What is the remainder when 495 is divided by t(68)?
75
Suppose 0*p - 5*p - 25 = 0. Let d(x) be the first derivative of x**4/4 + 8*x**3/3 - 9*x**2/2 - 4*x + 161. What is the remainder when d(p) is divided by 39?
38
Suppose -106 = -10*b - 146. Let l(f) = -2*f**3 - 7*f**2 - 13*f - 32. What is the remainder when 68 is divided by l(b)?
32
Let y(o) = 2*o**2. Suppose 5 = q - 5*u, q - 13 = u - 0*u. Calculate the remainder when q is divided by y(2).
7
Let g = 2 - -2. Suppose -10*m - 17556 = -7*m. What is the remainder when m/(-252) - (-2)/(-9) is divided by g?
3
What is the remainder when 548*((-2366)/507)/(1/(-3)) is divided by 2556?
4
Let o(j) = 73*j**2 + 8*j + 1. Let d be o(2). Let y = d - 269. Calculate the remainder when y is divided by 3.
1
Let x(s) = -s**2 + 8*s + 8. Let z = -789 - -865. What is the remainder when z is divided by x(6)?
16